{"id":942,"date":"2025-03-08T11:54:00","date_gmt":"2025-03-08T11:54:00","guid":{"rendered":"https:\/\/prueba.mayabad.com\/?post_type=product&#038;p=942"},"modified":"2025-03-08T11:55:09","modified_gmt":"2025-03-08T11:55:09","slug":"parque-sevilla-40-x-50-cms","status":"publish","type":"product","link":"https:\/\/prueba.mayabad.com\/index.php\/producto\/parque-sevilla-40-x-50-cms\/","title":{"rendered":"Parque Sevilla  40 x 50 cms"},"content":{"rendered":"<p data-start=\"0\" data-end=\"63\"><strong data-start=\"0\" data-end=\"61\">\u00abParque Sevilla\u00bb \u2013 Pintura Abstracta Original de May Abad<\/strong><\/p>\n<p data-start=\"65\" data-end=\"354\">Un homenaje vibrante a la esencia de Sevilla. <strong data-start=\"111\" data-end=\"131\">\u00abParque Sevilla\u00bb<\/strong> es una obra \u00fanica de la pintora sevillana <strong data-start=\"174\" data-end=\"186\">May Abad<\/strong>, inspirada en la belleza del <strong data-start=\"216\" data-end=\"241\">Parque de Mar\u00eda Luisa<\/strong>, donde la luz, la naturaleza y la historia de la ciudad se entrelazan en una composici\u00f3n llena de significado.<\/p>\n<p data-start=\"356\" data-end=\"740\">Sobre un lienzo de <strong data-start=\"375\" data-end=\"389\">40 x 50 cm<\/strong>, los tonos <strong data-start=\"401\" data-end=\"473\">amarillo de las margaritas, verde de los \u00e1rboles y celestes verdosos<\/strong> dan vida a una escena en\u00e9rgica y evocadora. Pero lo que hace especial a esta obra es su t\u00e9cnica mixta, donde la artista incorpora <strong data-start=\"604\" data-end=\"651\">recortes de prensa con el nombre de Sevilla<\/strong>, integr\u00e1ndolos de manera sutil en la pintura como un gui\u00f1o a la ciudad que la inspira.<\/p>\n<p data-start=\"742\" data-end=\"981\">Cada pincelada refleja la pasi\u00f3n de la autora por su tierra, convirtiendo este cuadro en una pieza con alma, en la que el arte y la memoria se fusionan en un collage emocional que rinde tributo a Sevilla y a sus rincones llenos de magia.<\/p>\n<p data-start=\"983\" data-end=\"1195\">\u2714\ufe0f <strong data-start=\"986\" data-end=\"1017\">Obra \u00fanica y firmada a mano<\/strong><br data-start=\"1017\" data-end=\"1020\" \/>\u2714\ufe0f <strong data-start=\"1023\" data-end=\"1063\">Certificado de autenticidad incluido<\/strong><br data-start=\"1063\" data-end=\"1066\" \/>\u2714\ufe0f <strong data-start=\"1069\" data-end=\"1130\">T\u00e9cnica mixta con collage de prensa y texturas en relieve<\/strong><br data-start=\"1130\" data-end=\"1133\" \/>\u2714\ufe0f <strong data-start=\"1136\" data-end=\"1193\">Ideal para amantes del arte y de la ciudad de Sevilla<\/strong><\/p>\n<p data-start=\"1197\" data-end=\"1342\"><strong data-start=\"1197\" data-end=\"1217\">\u00abParque Sevilla\u00bb<\/strong> no es solo una pintura, es un pedazo de historia y sentimiento sevillano plasmado en arte. <strong data-start=\"1309\" data-end=\"1340\">Solo una unidad disponible.<\/strong><\/p>\n<p data-start=\"1344\" data-end=\"1415\" data-is-last-node=\"\" data-is-only-node=\"\">\u2728 <strong data-start=\"1346\" data-end=\"1413\">D\u00e9jate envolver por el alma de Sevilla con esta obra exclusiva.<\/strong> \u2728<\/p>\n","protected":false},"excerpt":{"rendered":"<p data-start=\"0\" data-end=\"63\"><strong data-start=\"0\" data-end=\"61\">\u00abParque Sevilla\u00bb \u2013 Pintura Abstracta Original de May Abad<\/strong><\/p>\n<p data-start=\"65\" data-end=\"354\">Un homenaje vibrante a la esencia de Sevilla. <strong data-start=\"111\" data-end=\"131\">\u00abParque Sevilla\u00bb<\/strong> es una obra \u00fanica de la pintora sevillana <strong data-start=\"174\" data-end=\"186\">May Abad<\/strong>, inspirada en la belleza del <strong data-start=\"216\" data-end=\"241\">Parque de Mar\u00eda Luisa<\/strong>, donde la luz, la naturaleza y la historia de la ciudad se entrelazan en una composici\u00f3n llena de significado.<\/p>\n<p data-start=\"356\" data-end=\"740\">Sobre un lienzo de <strong data-start=\"375\" data-end=\"389\">40 x 50 cm<\/strong>, los tonos <strong data-start=\"401\" data-end=\"473\">amarillo de las margaritas, verde de los \u00e1rboles y celestes verdosos<\/strong> dan vida a una escena en\u00e9rgica y evocadora. Pero lo que hace especial a esta obra es su t\u00e9cnica mixta, donde la artista incorpora <strong data-start=\"604\" data-end=\"651\">recortes de prensa con el nombre de Sevilla<\/strong>, integr\u00e1ndolos de manera sutil en la pintura como un gui\u00f1o a la ciudad que la inspira.<\/p>\n<p data-start=\"742\" data-end=\"981\">Cada pincelada refleja la pasi\u00f3n de la autora por su tierra, convirtiendo este cuadro en una pieza con alma, en la que el arte y la memoria se fusionan en un collage emocional que rinde tributo a Sevilla y a sus rincones llenos de magia.<\/p>\n<p data-start=\"983\" data-end=\"1195\">\u2714\ufe0f <strong data-start=\"986\" data-end=\"1017\">Obra \u00fanica y firmada a mano<\/strong><br data-start=\"1017\" data-end=\"1020\" \/>\u2714\ufe0f <strong data-start=\"1023\" data-end=\"1063\">Certificado de autenticidad incluido<\/strong><br data-start=\"1063\" data-end=\"1066\" \/>\u2714\ufe0f <strong data-start=\"1069\" data-end=\"1130\">T\u00e9cnica mixta con collage de prensa y texturas en relieve<\/strong><br data-start=\"1130\" data-end=\"1133\" \/>\u2714\ufe0f <strong data-start=\"1136\" data-end=\"1193\">Ideal para amantes del arte y de la ciudad de Sevilla<\/strong><\/p>\n<p data-start=\"1197\" data-end=\"1342\"><strong data-start=\"1197\" data-end=\"1217\">\u00abParque Sevilla\u00bb<\/strong> no es solo una pintura, es un pedazo de historia y sentimiento sevillano plasmado en arte. <strong data-start=\"1309\" data-end=\"1340\">Solo una unidad disponible.<\/strong><\/p>\n<p data-start=\"1344\" data-end=\"1415\" data-is-last-node=\"\" data-is-only-node=\"\">\u2728 <strong data-start=\"1346\" data-end=\"1413\">D\u00e9jate envolver por el alma de Sevilla con esta obra exclusiva.<\/strong> \u2728<\/p>\n","protected":false},"featured_media":945,"comment_status":"open","ping_status":"closed","template":"","meta":{"_seopress_robots_primary_cat":"none","_seopress_titles_title":"","_seopress_titles_desc":"","_seopress_robots_index":"","_regular_price":["250"],"currency_symbol":[]},"product_brand":[],"product_cat":[22,21],"product_tag":[],"class_list":{"0":"post-942","1":"product","2":"type-product","3":"status-publish","4":"has-post-thumbnail","6":"product_cat-colores","7":"product_cat-mis-trabajos-originales","9":"first","10":"instock","11":"shipping-taxable","12":"purchasable","13":"product-type-simple"},"post_slider_layout_featured_media_urls":{"thumbnail":["https:\/\/prueba.mayabad.com\/wp-content\/uploads\/2025\/03\/Imagen-de-WhatsApp-2025-03-08-a-las-12.46.54_c0d0b57f-150x150.jpg",150,150,true],"post_slider_layout_landscape_large":["https:\/\/prueba.mayabad.com\/wp-content\/uploads\/2025\/03\/Imagen-de-WhatsApp-2025-03-08-a-las-12.46.54_c0d0b57f-1200x800.jpg",1200,800,true],"post_slider_layout_portrait_large":["https:\/\/prueba.mayabad.com\/wp-content\/uploads\/2025\/03\/Imagen-de-WhatsApp-2025-03-08-a-las-12.46.54_c0d0b57f-1200x1440.jpg",1200,1440,true],"post_slider_layout_square_large":["https:\/\/prueba.mayabad.com\/wp-content\/uploads\/2025\/03\/Imagen-de-WhatsApp-2025-03-08-a-las-12.46.54_c0d0b57f-1200x1200.jpg",1200,1200,true],"post_slider_layout_landscape":["https:\/\/prueba.mayabad.com\/wp-content\/uploads\/2025\/03\/Imagen-de-WhatsApp-2025-03-08-a-las-12.46.54_c0d0b57f-600x400.jpg",600,400,true],"post_slider_layout_portrait":["https:\/\/prueba.mayabad.com\/wp-content\/uploads\/2025\/03\/Imagen-de-WhatsApp-2025-03-08-a-las-12.46.54_c0d0b57f-600x900.jpg",600,900,true],"post_slider_layout_square":["https:\/\/prueba.mayabad.com\/wp-content\/uploads\/2025\/03\/Imagen-de-WhatsApp-2025-03-08-a-las-12.46.54_c0d0b57f-600x600.jpg",600,600,true],"full":["https:\/\/prueba.mayabad.com\/wp-content\/uploads\/2025\/03\/Imagen-de-WhatsApp-2025-03-08-a-las-12.46.54_c0d0b57f.jpg",1440,1440,false]},"yoast_head":"<!-- This site is optimized with the Yoast SEO plugin v27.4 - https:\/\/yoast.com\/product\/yoast-seo-wordpress\/ -->\n<title>Parque Sevilla 40 x 50 cms - Arte Unico y personalizado. Cuadros por encargo<\/title>\n<meta name=\"robots\" content=\"index, follow, max-snippet:-1, max-image-preview:large, max-video-preview:-1\" \/>\n<link rel=\"canonical\" href=\"https:\/\/prueba.mayabad.com\/index.php\/producto\/parque-sevilla-40-x-50-cms\/\" \/>\n<meta property=\"og:locale\" content=\"es_ES\" \/>\n<meta property=\"og:type\" content=\"article\" \/>\n<meta property=\"og:title\" content=\"Parque Sevilla 40 x 50 cms - Arte Unico y personalizado. Cuadros por encargo\" \/>\n<meta property=\"og:description\" content=\"&quot;Parque Sevilla&quot; \u2013 Pintura Abstracta Original de May Abad Un homenaje vibrante a la esencia de Sevilla. &quot;Parque Sevilla&quot; es una obra \u00fanica de la pintora sevillana May Abad, inspirada en la belleza del Parque de Mar\u00eda Luisa, donde la luz, la naturaleza y la historia de la ciudad se entrelazan en una composici\u00f3n llena de significado. Sobre un lienzo de 40 x 50 cm, los tonos amarillo de las margaritas, verde de los \u00e1rboles y celestes verdosos dan vida a una escena en\u00e9rgica y evocadora. Pero lo que hace especial a esta obra es su t\u00e9cnica mixta, donde la artista incorpora recortes de prensa con el nombre de Sevilla, integr\u00e1ndolos de manera sutil en la pintura como un gui\u00f1o a la ciudad que la inspira. Cada pincelada refleja la pasi\u00f3n de la autora por su tierra, convirtiendo este cuadro en una pieza con alma, en la que el arte y la memoria se fusionan en un collage emocional que rinde tributo a Sevilla y a sus rincones llenos de magia. \u2714\ufe0f Obra \u00fanica y firmada a mano\u2714\ufe0f Certificado de autenticidad incluido\u2714\ufe0f T\u00e9cnica mixta con collage de prensa y texturas en relieve\u2714\ufe0f Ideal para amantes del arte y de la ciudad de Sevilla &quot;Parque Sevilla&quot; no es solo una pintura, es un pedazo de historia y sentimiento sevillano plasmado en arte. Solo una unidad disponible. \u2728 D\u00e9jate envolver por el alma de Sevilla con esta obra exclusiva. \u2728\" \/>\n<meta property=\"og:url\" content=\"https:\/\/prueba.mayabad.com\/index.php\/producto\/parque-sevilla-40-x-50-cms\/\" \/>\n<meta property=\"og:site_name\" content=\"Arte Unico y personalizado. Cuadros por encargo\" \/>\n<meta property=\"article:modified_time\" content=\"2025-03-08T11:55:09+00:00\" \/>\n<meta property=\"og:image\" content=\"https:\/\/prueba.mayabad.com\/wp-content\/uploads\/2025\/03\/Imagen-de-WhatsApp-2025-03-08-a-las-12.46.54_c0d0b57f.jpg\" \/>\n\t<meta property=\"og:image:width\" content=\"1440\" \/>\n\t<meta property=\"og:image:height\" content=\"1440\" \/>\n\t<meta property=\"og:image:type\" content=\"image\/jpeg\" \/>\n<meta name=\"twitter:card\" content=\"summary_large_image\" \/>\n<meta name=\"twitter:label1\" content=\"Tiempo de lectura\" \/>\n\t<meta name=\"twitter:data1\" content=\"2 minutos\" \/>\n<script type=\"application\/ld+json\" class=\"yoast-schema-graph\">{\"@context\":\"https:\\\/\\\/schema.org\",\"@graph\":[{\"@type\":\"WebPage\",\"@id\":\"https:\\\/\\\/prueba.mayabad.com\\\/index.php\\\/producto\\\/parque-sevilla-40-x-50-cms\\\/\",\"url\":\"https:\\\/\\\/prueba.mayabad.com\\\/index.php\\\/producto\\\/parque-sevilla-40-x-50-cms\\\/\",\"name\":\"Parque Sevilla 40 x 50 cms - Arte Unico y personalizado. Cuadros por encargo\",\"isPartOf\":{\"@id\":\"https:\\\/\\\/prueba.mayabad.com\\\/#website\"},\"primaryImageOfPage\":{\"@id\":\"https:\\\/\\\/prueba.mayabad.com\\\/index.php\\\/producto\\\/parque-sevilla-40-x-50-cms\\\/#primaryimage\"},\"image\":{\"@id\":\"https:\\\/\\\/prueba.mayabad.com\\\/index.php\\\/producto\\\/parque-sevilla-40-x-50-cms\\\/#primaryimage\"},\"thumbnailUrl\":\"https:\\\/\\\/prueba.mayabad.com\\\/wp-content\\\/uploads\\\/2025\\\/03\\\/Imagen-de-WhatsApp-2025-03-08-a-las-12.46.54_c0d0b57f.jpg\",\"datePublished\":\"2025-03-08T11:54:00+00:00\",\"dateModified\":\"2025-03-08T11:55:09+00:00\",\"breadcrumb\":{\"@id\":\"https:\\\/\\\/prueba.mayabad.com\\\/index.php\\\/producto\\\/parque-sevilla-40-x-50-cms\\\/#breadcrumb\"},\"inLanguage\":\"es\",\"potentialAction\":[{\"@type\":\"ReadAction\",\"target\":[\"https:\\\/\\\/prueba.mayabad.com\\\/index.php\\\/producto\\\/parque-sevilla-40-x-50-cms\\\/\"]}]},{\"@type\":\"ImageObject\",\"inLanguage\":\"es\",\"@id\":\"https:\\\/\\\/prueba.mayabad.com\\\/index.php\\\/producto\\\/parque-sevilla-40-x-50-cms\\\/#primaryimage\",\"url\":\"https:\\\/\\\/prueba.mayabad.com\\\/wp-content\\\/uploads\\\/2025\\\/03\\\/Imagen-de-WhatsApp-2025-03-08-a-las-12.46.54_c0d0b57f.jpg\",\"contentUrl\":\"https:\\\/\\\/prueba.mayabad.com\\\/wp-content\\\/uploads\\\/2025\\\/03\\\/Imagen-de-WhatsApp-2025-03-08-a-las-12.46.54_c0d0b57f.jpg\",\"width\":1440,\"height\":1440},{\"@type\":\"BreadcrumbList\",\"@id\":\"https:\\\/\\\/prueba.mayabad.com\\\/index.php\\\/producto\\\/parque-sevilla-40-x-50-cms\\\/#breadcrumb\",\"itemListElement\":[{\"@type\":\"ListItem\",\"position\":1,\"name\":\"Portada\",\"item\":\"https:\\\/\\\/prueba.mayabad.com\\\/\"},{\"@type\":\"ListItem\",\"position\":2,\"name\":\"Tienda\",\"item\":\"https:\\\/\\\/prueba.mayabad.com\\\/index.php\\\/tienda\\\/\"},{\"@type\":\"ListItem\",\"position\":3,\"name\":\"Parque Sevilla 40 x 50 cms\"}]},{\"@type\":\"WebSite\",\"@id\":\"https:\\\/\\\/prueba.mayabad.com\\\/#website\",\"url\":\"https:\\\/\\\/prueba.mayabad.com\\\/\",\"name\":\"Arte Unico y personalizado. Cuadros por encargo\",\"description\":\"Arte Unico y personalizado. Cuadros por encargo\",\"publisher\":{\"@id\":\"https:\\\/\\\/prueba.mayabad.com\\\/#organization\"},\"potentialAction\":[{\"@type\":\"SearchAction\",\"target\":{\"@type\":\"EntryPoint\",\"urlTemplate\":\"https:\\\/\\\/prueba.mayabad.com\\\/?s={search_term_string}\"},\"query-input\":{\"@type\":\"PropertyValueSpecification\",\"valueRequired\":true,\"valueName\":\"search_term_string\"}}],\"inLanguage\":\"es\"},{\"@type\":\"Organization\",\"@id\":\"https:\\\/\\\/prueba.mayabad.com\\\/#organization\",\"name\":\"Arte Unico y personalizado. Cuadros por encargo\",\"url\":\"https:\\\/\\\/prueba.mayabad.com\\\/\",\"logo\":{\"@type\":\"ImageObject\",\"inLanguage\":\"es\",\"@id\":\"https:\\\/\\\/prueba.mayabad.com\\\/#\\\/schema\\\/logo\\\/image\\\/\",\"url\":\"https:\\\/\\\/prueba.mayabad.com\\\/wp-content\\\/uploads\\\/2025\\\/03\\\/Imagen-de-WhatsApp-2025-03-04-a-las-19.33.51_1936e798.jpg\",\"contentUrl\":\"https:\\\/\\\/prueba.mayabad.com\\\/wp-content\\\/uploads\\\/2025\\\/03\\\/Imagen-de-WhatsApp-2025-03-04-a-las-19.33.51_1936e798.jpg\",\"width\":1200,\"height\":628,\"caption\":\"Arte Unico y personalizado. Cuadros por encargo\"},\"image\":{\"@id\":\"https:\\\/\\\/prueba.mayabad.com\\\/#\\\/schema\\\/logo\\\/image\\\/\"}}]}<\/script>\n<!-- \/ Yoast SEO plugin. -->","yoast_head_json":{"title":"Parque Sevilla 40 x 50 cms - Arte Unico y personalizado. Cuadros por encargo","robots":{"index":"index","follow":"follow","max-snippet":"max-snippet:-1","max-image-preview":"max-image-preview:large","max-video-preview":"max-video-preview:-1"},"canonical":"https:\/\/prueba.mayabad.com\/index.php\/producto\/parque-sevilla-40-x-50-cms\/","og_locale":"es_ES","og_type":"article","og_title":"Parque Sevilla 40 x 50 cms - Arte Unico y personalizado. Cuadros por encargo","og_description":"\"Parque Sevilla\" \u2013 Pintura Abstracta Original de May Abad Un homenaje vibrante a la esencia de Sevilla. \"Parque Sevilla\" es una obra \u00fanica de la pintora sevillana May Abad, inspirada en la belleza del Parque de Mar\u00eda Luisa, donde la luz, la naturaleza y la historia de la ciudad se entrelazan en una composici\u00f3n llena de significado. Sobre un lienzo de 40 x 50 cm, los tonos amarillo de las margaritas, verde de los \u00e1rboles y celestes verdosos dan vida a una escena en\u00e9rgica y evocadora. Pero lo que hace especial a esta obra es su t\u00e9cnica mixta, donde la artista incorpora recortes de prensa con el nombre de Sevilla, integr\u00e1ndolos de manera sutil en la pintura como un gui\u00f1o a la ciudad que la inspira. Cada pincelada refleja la pasi\u00f3n de la autora por su tierra, convirtiendo este cuadro en una pieza con alma, en la que el arte y la memoria se fusionan en un collage emocional que rinde tributo a Sevilla y a sus rincones llenos de magia. \u2714\ufe0f Obra \u00fanica y firmada a mano\u2714\ufe0f Certificado de autenticidad incluido\u2714\ufe0f T\u00e9cnica mixta con collage de prensa y texturas en relieve\u2714\ufe0f Ideal para amantes del arte y de la ciudad de Sevilla \"Parque Sevilla\" no es solo una pintura, es un pedazo de historia y sentimiento sevillano plasmado en arte. Solo una unidad disponible. \u2728 D\u00e9jate envolver por el alma de Sevilla con esta obra exclusiva. \u2728","og_url":"https:\/\/prueba.mayabad.com\/index.php\/producto\/parque-sevilla-40-x-50-cms\/","og_site_name":"Arte Unico y personalizado. Cuadros por encargo","article_modified_time":"2025-03-08T11:55:09+00:00","og_image":[{"width":1440,"height":1440,"url":"https:\/\/prueba.mayabad.com\/wp-content\/uploads\/2025\/03\/Imagen-de-WhatsApp-2025-03-08-a-las-12.46.54_c0d0b57f.jpg","type":"image\/jpeg"}],"twitter_card":"summary_large_image","twitter_misc":{"Tiempo de lectura":"2 minutos"},"schema":{"@context":"https:\/\/schema.org","@graph":[{"@type":"WebPage","@id":"https:\/\/prueba.mayabad.com\/index.php\/producto\/parque-sevilla-40-x-50-cms\/","url":"https:\/\/prueba.mayabad.com\/index.php\/producto\/parque-sevilla-40-x-50-cms\/","name":"Parque Sevilla 40 x 50 cms - Arte Unico y personalizado. Cuadros por encargo","isPartOf":{"@id":"https:\/\/prueba.mayabad.com\/#website"},"primaryImageOfPage":{"@id":"https:\/\/prueba.mayabad.com\/index.php\/producto\/parque-sevilla-40-x-50-cms\/#primaryimage"},"image":{"@id":"https:\/\/prueba.mayabad.com\/index.php\/producto\/parque-sevilla-40-x-50-cms\/#primaryimage"},"thumbnailUrl":"https:\/\/prueba.mayabad.com\/wp-content\/uploads\/2025\/03\/Imagen-de-WhatsApp-2025-03-08-a-las-12.46.54_c0d0b57f.jpg","datePublished":"2025-03-08T11:54:00+00:00","dateModified":"2025-03-08T11:55:09+00:00","breadcrumb":{"@id":"https:\/\/prueba.mayabad.com\/index.php\/producto\/parque-sevilla-40-x-50-cms\/#breadcrumb"},"inLanguage":"es","potentialAction":[{"@type":"ReadAction","target":["https:\/\/prueba.mayabad.com\/index.php\/producto\/parque-sevilla-40-x-50-cms\/"]}]},{"@type":"ImageObject","inLanguage":"es","@id":"https:\/\/prueba.mayabad.com\/index.php\/producto\/parque-sevilla-40-x-50-cms\/#primaryimage","url":"https:\/\/prueba.mayabad.com\/wp-content\/uploads\/2025\/03\/Imagen-de-WhatsApp-2025-03-08-a-las-12.46.54_c0d0b57f.jpg","contentUrl":"https:\/\/prueba.mayabad.com\/wp-content\/uploads\/2025\/03\/Imagen-de-WhatsApp-2025-03-08-a-las-12.46.54_c0d0b57f.jpg","width":1440,"height":1440},{"@type":"BreadcrumbList","@id":"https:\/\/prueba.mayabad.com\/index.php\/producto\/parque-sevilla-40-x-50-cms\/#breadcrumb","itemListElement":[{"@type":"ListItem","position":1,"name":"Portada","item":"https:\/\/prueba.mayabad.com\/"},{"@type":"ListItem","position":2,"name":"Tienda","item":"https:\/\/prueba.mayabad.com\/index.php\/tienda\/"},{"@type":"ListItem","position":3,"name":"Parque Sevilla 40 x 50 cms"}]},{"@type":"WebSite","@id":"https:\/\/prueba.mayabad.com\/#website","url":"https:\/\/prueba.mayabad.com\/","name":"Arte Unico y personalizado. Cuadros por encargo","description":"Arte Unico y personalizado. Cuadros por encargo","publisher":{"@id":"https:\/\/prueba.mayabad.com\/#organization"},"potentialAction":[{"@type":"SearchAction","target":{"@type":"EntryPoint","urlTemplate":"https:\/\/prueba.mayabad.com\/?s={search_term_string}"},"query-input":{"@type":"PropertyValueSpecification","valueRequired":true,"valueName":"search_term_string"}}],"inLanguage":"es"},{"@type":"Organization","@id":"https:\/\/prueba.mayabad.com\/#organization","name":"Arte Unico y personalizado. Cuadros por encargo","url":"https:\/\/prueba.mayabad.com\/","logo":{"@type":"ImageObject","inLanguage":"es","@id":"https:\/\/prueba.mayabad.com\/#\/schema\/logo\/image\/","url":"https:\/\/prueba.mayabad.com\/wp-content\/uploads\/2025\/03\/Imagen-de-WhatsApp-2025-03-04-a-las-19.33.51_1936e798.jpg","contentUrl":"https:\/\/prueba.mayabad.com\/wp-content\/uploads\/2025\/03\/Imagen-de-WhatsApp-2025-03-04-a-las-19.33.51_1936e798.jpg","width":1200,"height":628,"caption":"Arte Unico y personalizado. Cuadros por encargo"},"image":{"@id":"https:\/\/prueba.mayabad.com\/#\/schema\/logo\/image\/"}}]}},"_links":{"self":[{"href":"https:\/\/prueba.mayabad.com\/index.php\/wp-json\/wp\/v2\/product\/942","targetHints":{"allow":["GET"]}}],"collection":[{"href":"https:\/\/prueba.mayabad.com\/index.php\/wp-json\/wp\/v2\/product"}],"about":[{"href":"https:\/\/prueba.mayabad.com\/index.php\/wp-json\/wp\/v2\/types\/product"}],"replies":[{"embeddable":true,"href":"https:\/\/prueba.mayabad.com\/index.php\/wp-json\/wp\/v2\/comments?post=942"}],"wp:featuredmedia":[{"embeddable":true,"href":"https:\/\/prueba.mayabad.com\/index.php\/wp-json\/wp\/v2\/media\/945"}],"wp:attachment":[{"href":"https:\/\/prueba.mayabad.com\/index.php\/wp-json\/wp\/v2\/media?parent=942"}],"wp:term":[{"taxonomy":"product_brand","embeddable":true,"href":"https:\/\/prueba.mayabad.com\/index.php\/wp-json\/wp\/v2\/product_brand?post=942"},{"taxonomy":"product_cat","embeddable":true,"href":"https:\/\/prueba.mayabad.com\/index.php\/wp-json\/wp\/v2\/product_cat?post=942"},{"taxonomy":"product_tag","embeddable":true,"href":"https:\/\/prueba.mayabad.com\/index.php\/wp-json\/wp\/v2\/product_tag?post=942"}],"curies":[{"name":"wp","href":"https:\/\/api.w.org\/{rel}","templated":true}]}}