{"id":645,"date":"2025-03-04T21:09:29","date_gmt":"2025-03-04T21:09:29","guid":{"rendered":"https:\/\/prueba.mayabad.com\/?page_id=645"},"modified":"2025-03-04T21:09:31","modified_gmt":"2025-03-04T21:09:31","slug":"declaracion-de-accesibilidad","status":"publish","type":"page","link":"https:\/\/prueba.mayabad.com\/index.php\/declaracion-de-accesibilidad\/","title":{"rendered":"Declaracion de Accesibilidad"},"content":{"rendered":"\n<h2 class=\"wp-block-heading\">1. Declaraci\u00f3n de accesibilidad<\/h2>\n\n\n\n<p>Esta web se ha comprometido a hacer accesible contenido de conformidad con el criterio de accesibilidad del Programa Kit Digital, conforme a los anexos de la norma UNE-EN 301 549:2022.<\/p>\n\n\n\n<p><\/p>\n\n\n\n<h2 class=\"wp-block-heading\">2. Situaci\u00f3n de cumplimiento<\/h2>\n\n\n\n<p>Las tecnolog\u00edas web en las que se basa la conformidad de la accesibilidad del presente sitio son&nbsp;<strong>HTML5<\/strong>&nbsp;,&nbsp;<strong>CSS<\/strong>&nbsp;,&nbsp;<strong>WAI-ARIA<\/strong>&nbsp;,&nbsp;<strong>DOM as\u00ed como OTRAS tecnolog\u00edas<\/strong>&nbsp;de la plataforma WordPress url:&nbsp;<a href=\"https:\/\/wordpress.org\/\">https:\/\/wordpress.org<\/a><a href=\"https:\/\/www.duda.co\/\"><\/a><\/p>\n\n\n\n<p>Con motivo de lo anterior, este sitio web es&nbsp;<strong>PARCIALMENTE CONFORME<\/strong>&nbsp;, siendo los aspectos de accesibilidad con los que es conforme la presente web los siguientes:<\/p>\n\n\n\n<p><\/p>\n\n\n\n<figure class=\"wp-block-table\"><table class=\"has-fixed-layout\"><thead><tr><th>Requisitos gen\u00e9ricos<\/th><th>Requisitos web<\/th><th>Requisitos software<\/th><th>Requisitos documentaci\u00f3n Y servicios de apoyo<\/th><\/tr><\/thead><tbody><tr><td>5.2 Activaci\u00f3n de caracter\u00edsticas de accesibilidad<\/td><td>9.1.1.1 Contenido no textual<br>9.1.3.1 Informaci\u00f3n y relaciones<br>9.1.3.2 Secuencia significativa<br>9.1.3.3 Caracter\u00edsticas sensoriales.<br>9.1.3.4 Orientaci\u00f3n.<br>9.1.3.5 Identificaci\u00f3n del prop\u00f3sito de entrada<br>9.1.4.1 Uso del Color.<br>9.1.4.3 Contraste (m\u00ednimo).<br>9.1.4.4 Cambio de tama\u00f1o del texto.<br>9.1.4.5 Im\u00e1genes de texto<br>9.1.4.10 Reajuste del texto.<br>9.1.4.11 Contraste no textual.<br>9.1.4.12 Espaciado del texto.<br>9.1.4.13 Contenido se\u00f1alado con el puntero o que tiene el foco.<br>9.2.1.1 Teclado.<br>9.2.1.2 Sin trampas para el foco del teclado.<br>9.2.1.4 Atajos del teclado.<br>9.2.3.1 Umbral de tres destellos o menos.<br>9.2.4.1 Evitar bloques.<br>9.2.4.2 Titulado de p\u00e1ginas.<br>9.2.4.3 Orden del foco.<br>9.2.4.5 M\u00faltiples v\u00edas.<br>9.2.4.6 Encabezados y etiquetas<br>9.2.4.7 Foco visible.<br>9.2.5.1 Gestos con el puntero.<br>9.2.5.2 Cancelaci\u00f3n del puntero<br>9.2.5.3 Inclusi\u00f3n de la etiqueta en el nombre.<br>9.3.1.1 Idioma de la p\u00e1gina.<br>9.3.1.2 Idioma de las partes.<br>9.3.2.1 Al recibir el foco.<br>9.3.2.2 Al recibir entradas.<br>9.3.2.3 Navegaci\u00f3n coherente.<br>9.3.2.4 Identificaci\u00f3n coherente.<br>9.3.3.1 Identificaci\u00f3n de errores.<br>9.3.3.2 Etiquetas o instrucciones.<br>9.3.3.3 Sugerencias ante errores.<br>9.3.3.4 Prevenci\u00f3n de errores (legales, financieros, de datos)<br>9.4.1.2 Nombre, funci\u00f3n, valor.<br>9.4.1.3 Mensajes de estado.<\/td><td>11.7 Preferencias de usuario.<br>11.8.1 Tecnolog\u00eda de gesti\u00f3n de contenidos.<br>11.8.2 Creaci\u00f3n de contenidos accesibles.<br>11.8.3 Preservaci\u00f3n de la informaci\u00f3n de accesibilidad durante las transformaciones.<br>11.8.4 Servicio de reparaci\u00f3n.<br>11.8.5 Plantillas.<\/td><td>12.1.1 Caracter\u00edsticas de accesibilidad y compatibilidad.<br>12.1.2 Documentaci\u00f3n accesible.<br>12.2.2 Informaci\u00f3n sobre las caracter\u00edsticas de accesibilidad y compatibilidad<br>12.2.3 Comunicaci\u00f3n efectiva.<br>12.2.4 Documentaci\u00f3n accesible.<\/td><\/tr><\/tbody><\/table><\/figure>\n\n\n\n<h2 class=\"wp-block-heading\">3. Contenido no accesible<\/h2>\n\n\n\n<p><\/p>\n\n\n\n<p>Por el contrario, el contenido de los puntos que se recogen a continuaci\u00f3n no son accesibles por los siguientes motivos:<\/p>\n\n\n\n<p><\/p>\n\n\n\n<h4 class=\"wp-block-heading\"><strong>9.2.4.4 Prop\u00f3sito de los enlaces (en contexto).<\/strong><\/h4>\n\n\n\n<p>Cuando las TIC sean una p\u00e1gina web.<\/p>\n\n\n\n<p>El prop\u00f3sito de cada enlace puede ser determinado con s\u00f3lo el texto del enlace o a trav\u00e9s del texto del enlace sumado al contexto del enlace determinado por software, excepto cuando el prop\u00f3sito del enlace resultara ambiguo para los usuarios en general. (Nivel A).<\/p>\n\n\n\n<p><\/p>\n\n\n\n<h4 class=\"wp-block-heading\"><strong>9.4.1.1 Procesamiento.<\/strong><\/h4>\n\n\n\n<p>Cuando las TIC sean una p\u00e1gina web.<\/p>\n\n\n\n<p>En los contenidos implementados mediante el uso de lenguajes de marcas, los elementos tienen las etiquetas de apertura y cierre completas; los elementos est\u00e1n anidados de acuerdo a sus especificaciones; los elementos no contienen atributos duplicados y los ID son \u00fanicos, excepto cuando las especificaciones permitan estas caracter\u00edsticas. (Nivel A).<\/p>\n\n\n\n<p><\/p>\n\n\n\n<h4 class=\"wp-block-heading\"><strong>9.6 Requisitos de conformidad de las Pautas WCAG.<\/strong><\/h4>\n\n\n\n<p>Condici\u00f3n: Cuando las TIC sean una p\u00e1gina web<\/p>\n\n\n\n<p>Se deben satisfacer, en el nivel AA, los cinco requisitos de conformidad de las Pautas WCAG 2.1 siguientes [5]:<\/p>\n\n\n\n<p>1) nivel de conformidad;<\/p>\n\n\n\n<p>2) p\u00e1ginas completas;<\/p>\n\n\n\n<p>3) procesos completos;<\/p>\n\n\n\n<p>4) uso de tecnolog\u00edas exclusivamente seg\u00fan m\u00e9todos que sean compatibles con la accesibilidad;<\/p>\n\n\n\n<p>5) sin interferencia.<\/p>\n\n\n\n<p>NOTA 1 En el caso de que una p\u00e1gina web cumpla todos los requisitos 9.1 a 9.4 o se proporcione una versi\u00f3n alternativa conforme al nivel AA (como se define en las Pautas WCAG 2.1 [5]), se cumplir\u00e1 el requisito de conformidad 1.<\/p>\n\n\n\n<p>NOTA 2 Seg\u00fan el WC3, \u00abLas Pautas WCAG 2.1 ampl\u00edan las Pautas de Accesibilidad para Contenido Web 2.0 [4], que se publicaron en formato de Recomendaci\u00f3n del WWW en diciembre de 2008. Los contenidos que est\u00e1n conformes con las Pautas WCAG 2.1 tambi\u00e9n lo est\u00e1n con las Pautas WCAG 2.0 y, en consecuencia, con las pol\u00edticas que hacen referencia a las Pautas WCAG 2.0 [4].<\/p>\n\n\n\n<p>NOTA 3 El requisito de conformidad 5 establece que todo el contenido de la p\u00e1gina, incluyendo el contenido que, de otra manera, no servir\u00eda de base para conseguir la conformidad, cumple los apartados 9.1.4.2, 9.2.1.2, 9.2.2.2 y 9.2.3.1.<\/p>\n\n\n\n<p><\/p>\n\n\n\n<h2 class=\"wp-block-heading\">4. Preparaci\u00f3n de la presente declaraci\u00f3n de accesibilidad<\/h2>\n\n\n\n<p><\/p>\n\n\n\n<p>La presente declaraci\u00f3n fue preparada el\u00a0<strong>04 de marzo de 202<\/strong>5<\/p>\n\n\n\n<p><\/p>\n\n\n\n<p>El m\u00e9todo empleado para preparar la declaraci\u00f3n ha sido&nbsp;ha sido una autoevaluaci\u00f3n llevada a cabo por la propia empresa,&nbsp;la cual certifica que el presente sitio web corresponde sustancialmente a la interpretaci\u00f3n de la gu\u00eda informativa proporcionada por las pautas WCAG 2.1 AA. En este esfuerzo continuo en la eliminaci\u00f3n de barreras y seguir\u00e1n mejorando este sitio hasta alcanzar una accesibilidad y usabilidad \u00f3ptimas para todos los usuarios<\/p>\n\n\n\n<p><\/p>\n\n\n\n<p>\u00daltima revisi\u00f3n de la declaraci\u00f3n:\u00a0<strong><strong>04 de marzo de 202<\/strong>5<\/strong><\/p>\n\n\n\n<h2 class=\"wp-block-heading\">5. Observaciones y datos de contacto<\/h2>\n\n\n\n<p>Si encuentra barreras de acceso o problemas con alguna p\u00e1gina o funci\u00f3n de este sitio web que pueda suponer un obst\u00e1culo para los visitantes que quieran acceder a \u00e9l, puede ponerse en contacto en cualquier momento en la direcci\u00f3n de correo electr\u00f3nico del aviso legal.<\/p>\n\n\n\n<p><\/p>\n","protected":false},"excerpt":{"rendered":"<p>1. Declaraci\u00f3n de accesibilidad Esta web se ha comprometido a hacer accesible contenido de conformidad con el criterio de accesibilidad del Programa Kit Digital, conforme a los anexos de la&hellip;<\/p>\n","protected":false},"author":1,"featured_media":0,"parent":0,"menu_order":0,"comment_status":"closed","ping_status":"closed","template":"","meta":{"_seopress_robots_primary_cat":"","_seopress_titles_title":"","_seopress_titles_desc":"","_seopress_robots_index":"","_regular_price":[],"currency_symbol":[],"footnotes":""},"class_list":["post-645","page","type-page","status-publish","hentry"],"post_slider_layout_featured_media_urls":{"thumbnail":"","post_slider_layout_landscape_large":"","post_slider_layout_portrait_large":"","post_slider_layout_square_large":"","post_slider_layout_landscape":"","post_slider_layout_portrait":"","post_slider_layout_square":"","full":""},"featured_image_src":null,"yoast_head":"<!-- This site is optimized with the Yoast SEO plugin v27.4 - https:\/\/yoast.com\/product\/yoast-seo-wordpress\/ -->\n<title>Declaracion de Accesibilidad - Arte Unico y personalizado. Cuadros por encargo<\/title>\n<meta name=\"robots\" content=\"index, follow, max-snippet:-1, max-image-preview:large, max-video-preview:-1\" \/>\n<link rel=\"canonical\" href=\"https:\/\/prueba.mayabad.com\/index.php\/declaracion-de-accesibilidad\/\" \/>\n<meta property=\"og:locale\" content=\"es_ES\" \/>\n<meta property=\"og:type\" content=\"article\" \/>\n<meta property=\"og:title\" content=\"Declaracion de Accesibilidad - Arte Unico y personalizado. Cuadros por encargo\" \/>\n<meta property=\"og:description\" content=\"1. Declaraci\u00f3n de accesibilidad Esta web se ha comprometido a hacer accesible contenido de conformidad con el criterio de accesibilidad del Programa Kit Digital, conforme a los anexos de la&hellip;\" \/>\n<meta property=\"og:url\" content=\"https:\/\/prueba.mayabad.com\/index.php\/declaracion-de-accesibilidad\/\" \/>\n<meta property=\"og:site_name\" content=\"Arte Unico y personalizado. Cuadros por encargo\" \/>\n<meta property=\"article:modified_time\" content=\"2025-03-04T21:09:31+00:00\" \/>\n<meta name=\"twitter:card\" content=\"summary_large_image\" \/>\n<meta name=\"twitter:label1\" content=\"Tiempo de lectura\" \/>\n\t<meta name=\"twitter:data1\" content=\"4 minutos\" \/>\n<script type=\"application\/ld+json\" class=\"yoast-schema-graph\">{\"@context\":\"https:\\\/\\\/schema.org\",\"@graph\":[{\"@type\":\"WebPage\",\"@id\":\"https:\\\/\\\/prueba.mayabad.com\\\/index.php\\\/declaracion-de-accesibilidad\\\/\",\"url\":\"https:\\\/\\\/prueba.mayabad.com\\\/index.php\\\/declaracion-de-accesibilidad\\\/\",\"name\":\"Declaracion de Accesibilidad - Arte Unico y personalizado. Cuadros por encargo\",\"isPartOf\":{\"@id\":\"https:\\\/\\\/prueba.mayabad.com\\\/#website\"},\"datePublished\":\"2025-03-04T21:09:29+00:00\",\"dateModified\":\"2025-03-04T21:09:31+00:00\",\"breadcrumb\":{\"@id\":\"https:\\\/\\\/prueba.mayabad.com\\\/index.php\\\/declaracion-de-accesibilidad\\\/#breadcrumb\"},\"inLanguage\":\"es\",\"potentialAction\":[{\"@type\":\"ReadAction\",\"target\":[\"https:\\\/\\\/prueba.mayabad.com\\\/index.php\\\/declaracion-de-accesibilidad\\\/\"]}]},{\"@type\":\"BreadcrumbList\",\"@id\":\"https:\\\/\\\/prueba.mayabad.com\\\/index.php\\\/declaracion-de-accesibilidad\\\/#breadcrumb\",\"itemListElement\":[{\"@type\":\"ListItem\",\"position\":1,\"name\":\"Portada\",\"item\":\"https:\\\/\\\/prueba.mayabad.com\\\/\"},{\"@type\":\"ListItem\",\"position\":2,\"name\":\"Declaracion de Accesibilidad\"}]},{\"@type\":\"WebSite\",\"@id\":\"https:\\\/\\\/prueba.mayabad.com\\\/#website\",\"url\":\"https:\\\/\\\/prueba.mayabad.com\\\/\",\"name\":\"Arte Unico y personalizado. Cuadros por encargo\",\"description\":\"Arte Unico y personalizado. Cuadros por encargo\",\"publisher\":{\"@id\":\"https:\\\/\\\/prueba.mayabad.com\\\/#organization\"},\"potentialAction\":[{\"@type\":\"SearchAction\",\"target\":{\"@type\":\"EntryPoint\",\"urlTemplate\":\"https:\\\/\\\/prueba.mayabad.com\\\/?s={search_term_string}\"},\"query-input\":{\"@type\":\"PropertyValueSpecification\",\"valueRequired\":true,\"valueName\":\"search_term_string\"}}],\"inLanguage\":\"es\"},{\"@type\":\"Organization\",\"@id\":\"https:\\\/\\\/prueba.mayabad.com\\\/#organization\",\"name\":\"Arte Unico y personalizado. Cuadros por encargo\",\"url\":\"https:\\\/\\\/prueba.mayabad.com\\\/\",\"logo\":{\"@type\":\"ImageObject\",\"inLanguage\":\"es\",\"@id\":\"https:\\\/\\\/prueba.mayabad.com\\\/#\\\/schema\\\/logo\\\/image\\\/\",\"url\":\"https:\\\/\\\/prueba.mayabad.com\\\/wp-content\\\/uploads\\\/2025\\\/03\\\/Imagen-de-WhatsApp-2025-03-04-a-las-19.33.51_1936e798.jpg\",\"contentUrl\":\"https:\\\/\\\/prueba.mayabad.com\\\/wp-content\\\/uploads\\\/2025\\\/03\\\/Imagen-de-WhatsApp-2025-03-04-a-las-19.33.51_1936e798.jpg\",\"width\":1200,\"height\":628,\"caption\":\"Arte Unico y personalizado. Cuadros por encargo\"},\"image\":{\"@id\":\"https:\\\/\\\/prueba.mayabad.com\\\/#\\\/schema\\\/logo\\\/image\\\/\"}}]}<\/script>\n<!-- \/ Yoast SEO plugin. -->","yoast_head_json":{"title":"Declaracion de Accesibilidad - Arte Unico y personalizado. Cuadros por encargo","robots":{"index":"index","follow":"follow","max-snippet":"max-snippet:-1","max-image-preview":"max-image-preview:large","max-video-preview":"max-video-preview:-1"},"canonical":"https:\/\/prueba.mayabad.com\/index.php\/declaracion-de-accesibilidad\/","og_locale":"es_ES","og_type":"article","og_title":"Declaracion de Accesibilidad - Arte Unico y personalizado. Cuadros por encargo","og_description":"1. Declaraci\u00f3n de accesibilidad Esta web se ha comprometido a hacer accesible contenido de conformidad con el criterio de accesibilidad del Programa Kit Digital, conforme a los anexos de la&hellip;","og_url":"https:\/\/prueba.mayabad.com\/index.php\/declaracion-de-accesibilidad\/","og_site_name":"Arte Unico y personalizado. Cuadros por encargo","article_modified_time":"2025-03-04T21:09:31+00:00","twitter_card":"summary_large_image","twitter_misc":{"Tiempo de lectura":"4 minutos"},"schema":{"@context":"https:\/\/schema.org","@graph":[{"@type":"WebPage","@id":"https:\/\/prueba.mayabad.com\/index.php\/declaracion-de-accesibilidad\/","url":"https:\/\/prueba.mayabad.com\/index.php\/declaracion-de-accesibilidad\/","name":"Declaracion de Accesibilidad - Arte Unico y personalizado. Cuadros por encargo","isPartOf":{"@id":"https:\/\/prueba.mayabad.com\/#website"},"datePublished":"2025-03-04T21:09:29+00:00","dateModified":"2025-03-04T21:09:31+00:00","breadcrumb":{"@id":"https:\/\/prueba.mayabad.com\/index.php\/declaracion-de-accesibilidad\/#breadcrumb"},"inLanguage":"es","potentialAction":[{"@type":"ReadAction","target":["https:\/\/prueba.mayabad.com\/index.php\/declaracion-de-accesibilidad\/"]}]},{"@type":"BreadcrumbList","@id":"https:\/\/prueba.mayabad.com\/index.php\/declaracion-de-accesibilidad\/#breadcrumb","itemListElement":[{"@type":"ListItem","position":1,"name":"Portada","item":"https:\/\/prueba.mayabad.com\/"},{"@type":"ListItem","position":2,"name":"Declaracion de Accesibilidad"}]},{"@type":"WebSite","@id":"https:\/\/prueba.mayabad.com\/#website","url":"https:\/\/prueba.mayabad.com\/","name":"Arte Unico y personalizado. Cuadros por encargo","description":"Arte Unico y personalizado. Cuadros por encargo","publisher":{"@id":"https:\/\/prueba.mayabad.com\/#organization"},"potentialAction":[{"@type":"SearchAction","target":{"@type":"EntryPoint","urlTemplate":"https:\/\/prueba.mayabad.com\/?s={search_term_string}"},"query-input":{"@type":"PropertyValueSpecification","valueRequired":true,"valueName":"search_term_string"}}],"inLanguage":"es"},{"@type":"Organization","@id":"https:\/\/prueba.mayabad.com\/#organization","name":"Arte Unico y personalizado. Cuadros por encargo","url":"https:\/\/prueba.mayabad.com\/","logo":{"@type":"ImageObject","inLanguage":"es","@id":"https:\/\/prueba.mayabad.com\/#\/schema\/logo\/image\/","url":"https:\/\/prueba.mayabad.com\/wp-content\/uploads\/2025\/03\/Imagen-de-WhatsApp-2025-03-04-a-las-19.33.51_1936e798.jpg","contentUrl":"https:\/\/prueba.mayabad.com\/wp-content\/uploads\/2025\/03\/Imagen-de-WhatsApp-2025-03-04-a-las-19.33.51_1936e798.jpg","width":1200,"height":628,"caption":"Arte Unico y personalizado. Cuadros por encargo"},"image":{"@id":"https:\/\/prueba.mayabad.com\/#\/schema\/logo\/image\/"}}]}},"_links":{"self":[{"href":"https:\/\/prueba.mayabad.com\/index.php\/wp-json\/wp\/v2\/pages\/645","targetHints":{"allow":["GET"]}}],"collection":[{"href":"https:\/\/prueba.mayabad.com\/index.php\/wp-json\/wp\/v2\/pages"}],"about":[{"href":"https:\/\/prueba.mayabad.com\/index.php\/wp-json\/wp\/v2\/types\/page"}],"author":[{"embeddable":true,"href":"https:\/\/prueba.mayabad.com\/index.php\/wp-json\/wp\/v2\/users\/1"}],"replies":[{"embeddable":true,"href":"https:\/\/prueba.mayabad.com\/index.php\/wp-json\/wp\/v2\/comments?post=645"}],"version-history":[{"count":1,"href":"https:\/\/prueba.mayabad.com\/index.php\/wp-json\/wp\/v2\/pages\/645\/revisions"}],"predecessor-version":[{"id":647,"href":"https:\/\/prueba.mayabad.com\/index.php\/wp-json\/wp\/v2\/pages\/645\/revisions\/647"}],"wp:attachment":[{"href":"https:\/\/prueba.mayabad.com\/index.php\/wp-json\/wp\/v2\/media?parent=645"}],"curies":[{"name":"wp","href":"https:\/\/api.w.org\/{rel}","templated":true}]}}