{"id":642,"date":"2025-03-04T21:06:39","date_gmt":"2025-03-04T21:06:39","guid":{"rendered":"https:\/\/prueba.mayabad.com\/?page_id=642"},"modified":"2025-03-04T21:06:40","modified_gmt":"2025-03-04T21:06:40","slug":"politica-de-cookies","status":"publish","type":"page","link":"https:\/\/prueba.mayabad.com\/index.php\/politica-de-cookies\/","title":{"rendered":"Pol\u00edtica de Cookies"},"content":{"rendered":"\n<h2 class=\"wp-block-heading\">Definici\u00f3n<\/h2>\n\n\n\n<p>Una cookie es un fichero que se descarga en su ordenador\/smartphone\/tablet al acceder a determinadas p\u00e1ginas web. Las cookies permiten a una p\u00e1gina web, entre otras cosas, almacenar y recuperar informaci\u00f3n sobre los h\u00e1bitos de navegaci\u00f3n de un usuario o de su equipo y, dependiendo de la informaci\u00f3n que contengan y de la forma en que utilice su equipo, pueden utilizarse para reconocer al usuario.<\/p>\n\n\n\n<p><br>Las principales finalidades de las cookies son las siguientes:<\/p>\n\n\n\n<p><br>Asegurar que las p\u00e1ginas web pueden funcionar correctamente y almacenar sus preferencias, como el idioma que ha seleccionado o el tama\u00f1o de letra. Conocer tu experiencia de navegaci\u00f3n. Recopilar informaci\u00f3n estad\u00edstica an\u00f3nima, como qu\u00e9 p\u00e1ginas has visto o cu\u00e1nto tiempo has estado en nuestros medios.<\/p>\n\n\n\n<h2 class=\"wp-block-heading\">Tipos de cookies en esta web<\/h2>\n\n\n\n<ol class=\"wp-block-list\">\n<li>Cookies \u201canal\u00edticas\u201d: Con prop\u00f3sitos de mantenimiento peri\u00f3dico, y en aras de garantizar el mejor servicio posible al usuario, este sitio web hace uso de cookies \u201canal\u00edticas\u201d para el recabado de estad\u00edsticas de actividad. La informaci\u00f3n recabada ser\u00e1 en todo caso an\u00f3nima, no siendo posible establecer v\u00ednculo alguno entre patrones de navegaci\u00f3n y personas f\u00edsicas. El usuario podr\u00e1 excluir su actividad individual mediante los sistemas de exclusi\u00f3n facilitados por los propios proveedores de los sistemas de an\u00e1lisis que utilizan estas cookies, como Google Analytics. Es posible que esta web utilice varios de dichso sistemas, y puede consultar la lista completa en el listado de cookies al final de este documento.<\/li>\n\n\n\n<li>Otras cookies de uso interno: Adem\u00e1s, esta web puede usar diversas cookies para el mantenimiento de sesiones de usuario entre diferentes \u201clogins\u201d a las \u00e1reas privadas o de autogesti\u00f3n facilitadas. Su desactivaci\u00f3n ocasiona normalmente molestias al usuario en forma de funcionalidades bloqueadas, y son por tanto cookies necesarias para el funcionamiento de este sitio. Nuevamente, puede consultar la lista completa en el listad de cookies al final de este documento.<\/li>\n\n\n\n<li>Cookies usadas por redes sociales: Adem\u00e1s, en la medida en que se hace uso de Social Plugins, esta web puede participar de distintas redes sociales, como por ejemplo Facebook, para permitir que el usuario pueda compartir con su c\u00edrculo social aquellos contenidos que le resulten de inter\u00e9s. En la lista de cookies al final de este documento, se pueden comprobar las cookies instaladas y las redes sociales correspondientes.<\/li>\n\n\n\n<li>Cookies usadas por complementos externos de contenido: Esta web puede hacer uso de complementos de visualizaci\u00f3n de contenido, como por ejemplo Google Maps para visualizar ubicaciones geogr\u00e1ficas. Su uso implica en ocasiones la remisi\u00f3n de ciertas cookies que son detalladas en el listado al final del documento. Algunas de estas cookies son instaladas y gestionadas por los proveedores de dichos complementos, no pudiendo ser accedidas por esta sitio web.<\/li>\n\n\n\n<li>Cookies de terceros para la personalizaci\u00f3n de espacios publicitarios:Esta web puede hacer uso de ad servers y, por ende, cookies vinculadas a los mismos para la elaboraci\u00f3n de perfiles a partir de preferencias y comportamiento. En caso de hacerlo, las mismas se detallar\u00e1n en el listado al final de este documento, no siendo instaladas si, tras ser informado al acceder al sitio, el usuario no acepta la pol\u00edtica de cookies y por tanto no contin\u00faa su navegaci\u00f3n.<\/li>\n<\/ol>\n\n\n\n<h2 class=\"wp-block-heading\">Relaci\u00f3n y descripci\u00f3n de cookies. Niveles de intrusividad:<\/h2>\n\n\n\n<p>La tabla que aqu\u00ed sigue esquematiza las cookies arriba expuestas, incorporando un criterio de \u201cnivel de intrusividad\u201d apoyado en una escala del 1 al 3, en la que:<\/p>\n\n\n\n<p><\/p>\n\n\n\n<p><strong>Nivel 1:<\/strong>&nbsp;se corresponde con cookies de uso interno imprescindibles para el funcionamiento del sitio web y, por tanto, la prestaci\u00f3n del servicio solicitado por el usuario, as\u00ed como cookies gestionadas por terceros con la \u00fanica finalidad de permitir el correcto funcionamiento de complementos externos de contenido y, por tanto, necesarias para la correcta visualizaci\u00f3n de este sitio web.<br><strong>Nivel 2:<\/strong>&nbsp;se corresponde con cookies an\u00f3nimas, anal\u00edticas, de uso interno, necesarias para el mantenimiento de contenidos y navegaci\u00f3n, y exclusivamente gestionadas por este sitio web.<br><strong>Nivel 3:<\/strong>&nbsp;se corresponde con cookies gestionadas por terceros que permiten el seguimiento del usuario a trav\u00e9s de otras webs o servicios.<\/p>\n\n\n\n<h3 class=\"wp-block-heading\">Tabla de cookies usadas en este sitio web, indicando el gestor de las mismas cuando es un tercero.<\/h3>\n\n\n\n<figure class=\"wp-block-table\"><table class=\"has-fixed-layout\"><tbody><tr><th>Cookie<\/th><th>Duraci\u00f3n<\/th><th>Prop\u00f3sito<\/th><th>Intrusividad<\/th><\/tr><tr><td>sessionid<\/td><td>1 mes<\/td><td>Cookie propia. Mantenimiento de la sesi\u00f3n de usuario a lo largo de la web y formularios<\/td><td>nivel 1<\/td><\/tr><tr><td>__utma<\/td><td>2 a\u00f1os<\/td><td>Cuando este usuario vuelva a entrar en nuestra p\u00e1gina con el mismo navegador, la cookie considerar\u00e1 que es el mismo usuario. Solo en el caso de que el usuario cambie de navegador, Google Analytics lo considerar\u00e1 otro usuario<\/td><td>nivel 2<\/td><\/tr><tr><td>__utmb<\/td><td>30 minutos<\/td><td>Medici\u00f3n interna con Google Analytics. Habilita la funci\u00f3n de c\u00e1lculo del tiempo de sesi\u00f3n. Registra la hora de entrada en la p\u00e1gina.<\/td><td>nivel 2<\/td><\/tr><tr><td>__utmc<\/td><td>De sesi\u00f3n<\/td><td>Medici\u00f3n interna con Google Analytics. Habilita la funci\u00f3n de c\u00e1lculo del tiempo de sesi\u00f3n. Comprueba si se debe mantener la sesi\u00f3n abierta o se debe crear una sesi\u00f3n nueva. Se elimina autom\u00e1ticamente al cambiar de web o al cerrar el navegador.<\/td><td>nivel 2<\/td><\/tr><tr><td>__utmz<\/td><td>6 meses<\/td><td>Medici\u00f3n interna con Google Analytics. Habilita la funci\u00f3n de registro de la procedencia del usuario. Los datos registrados ser\u00e1n, entre otros, si el usuario llega a nuestro Website por tr\u00e1fico directo, desde otra web, desde una campa\u00f1a publicitaria o desde un buscador (indicando la palabra clave utilizada y la fuente)<\/td><td>nivel 2<\/td><\/tr><tr><td><\/td><td><\/td><td><\/td><td><\/td><\/tr><\/tbody><\/table><\/figure>\n\n\n\n<h2 class=\"wp-block-heading\"><strong>DESACTIVACI\u00d3N DE COOKIES<\/strong><\/h2>\n\n\n\n<p><\/p>\n\n\n\n<p>El usuario podr\u00e1 en cualquier momento elegir qu\u00e9 cookies quiere que funcionen en este sitio web mediante, por ejemplo, la configuraci\u00f3n del navegador:<\/p>\n\n\n\n<p><\/p>\n\n\n\n<ul class=\"wp-block-list\">\n<li>Para m\u00e1s informaci\u00f3n sobre Microsoft Internet Explorer\u00a0<a href=\"http:\/\/windows.microsoft.com\/es-es\/windows7\/how-to-manage-cookies-in-internet-explorer-9\">pulse aqu\u00ed<\/a><\/li>\n\n\n\n<li>Para m\u00e1s informaci\u00f3n sobre Mozilla Firefox\u00a0<a href=\"https:\/\/support.mozilla.org\/es\/kb\/habilitar-y-deshabilitar-cookies-que-los-sitios-web\">pulse aqu\u00ed<\/a><\/li>\n\n\n\n<li>Para m\u00e1s informaci\u00f3n sobre Google Chrome\u00a0<a href=\"https:\/\/support.google.com\/chrome\/bin\/answer.py?hl=es&amp;answer=95647\">pulse aqu\u00ed<\/a><\/li>\n\n\n\n<li>Para m\u00e1s informaci\u00f3n sobre Safari\u00a0<a href=\"https:\/\/support.apple.com\/kb\/ph5042\">pulse aqu\u00ed<\/a><\/li>\n<\/ul>\n\n\n\n<p><\/p>\n\n\n\n<h2 class=\"wp-block-heading\">Que ocurre si se deshabilitan las cookies<\/h2>\n\n\n\n<p>La desactivaci\u00f3n de las cookies su navegaci\u00f3n por nuestra web puede no ser \u00f3ptima y algunas utilidades pueden no funcionar correctamente.<\/p>\n","protected":false},"excerpt":{"rendered":"<p>Definici\u00f3n Una cookie es un fichero que se descarga en su ordenador\/smartphone\/tablet al acceder a determinadas p\u00e1ginas web. Las cookies permiten a una p\u00e1gina web, entre otras cosas, almacenar y&hellip;<\/p>\n","protected":false},"author":1,"featured_media":0,"parent":0,"menu_order":0,"comment_status":"closed","ping_status":"closed","template":"","meta":{"_seopress_robots_primary_cat":"","_seopress_titles_title":"","_seopress_titles_desc":"","_seopress_robots_index":"","_regular_price":[],"currency_symbol":[],"footnotes":""},"class_list":["post-642","page","type-page","status-publish","hentry"],"post_slider_layout_featured_media_urls":{"thumbnail":"","post_slider_layout_landscape_large":"","post_slider_layout_portrait_large":"","post_slider_layout_square_large":"","post_slider_layout_landscape":"","post_slider_layout_portrait":"","post_slider_layout_square":"","full":""},"featured_image_src":null,"yoast_head":"<!-- This site is optimized with the Yoast SEO plugin v27.4 - https:\/\/yoast.com\/product\/yoast-seo-wordpress\/ -->\n<title>Pol\u00edtica de Cookies - Arte Unico y personalizado. Cuadros por encargo<\/title>\n<meta name=\"robots\" content=\"index, follow, max-snippet:-1, max-image-preview:large, max-video-preview:-1\" \/>\n<link rel=\"canonical\" href=\"https:\/\/prueba.mayabad.com\/index.php\/politica-de-cookies\/\" \/>\n<meta property=\"og:locale\" content=\"es_ES\" \/>\n<meta property=\"og:type\" content=\"article\" \/>\n<meta property=\"og:title\" content=\"Pol\u00edtica de Cookies - Arte Unico y personalizado. Cuadros por encargo\" \/>\n<meta property=\"og:description\" content=\"Definici\u00f3n Una cookie es un fichero que se descarga en su ordenador\/smartphone\/tablet al acceder a determinadas p\u00e1ginas web. Las cookies permiten a una p\u00e1gina web, entre otras cosas, almacenar y&hellip;\" \/>\n<meta property=\"og:url\" content=\"https:\/\/prueba.mayabad.com\/index.php\/politica-de-cookies\/\" \/>\n<meta property=\"og:site_name\" content=\"Arte Unico y personalizado. Cuadros por encargo\" \/>\n<meta property=\"article:modified_time\" content=\"2025-03-04T21:06:40+00:00\" \/>\n<meta name=\"twitter:card\" content=\"summary_large_image\" \/>\n<meta name=\"twitter:label1\" content=\"Tiempo de lectura\" \/>\n\t<meta name=\"twitter:data1\" content=\"5 minutos\" \/>\n<script type=\"application\/ld+json\" class=\"yoast-schema-graph\">{\"@context\":\"https:\\\/\\\/schema.org\",\"@graph\":[{\"@type\":\"WebPage\",\"@id\":\"https:\\\/\\\/prueba.mayabad.com\\\/index.php\\\/politica-de-cookies\\\/\",\"url\":\"https:\\\/\\\/prueba.mayabad.com\\\/index.php\\\/politica-de-cookies\\\/\",\"name\":\"Pol\u00edtica de Cookies - Arte Unico y personalizado. Cuadros por encargo\",\"isPartOf\":{\"@id\":\"https:\\\/\\\/prueba.mayabad.com\\\/#website\"},\"datePublished\":\"2025-03-04T21:06:39+00:00\",\"dateModified\":\"2025-03-04T21:06:40+00:00\",\"breadcrumb\":{\"@id\":\"https:\\\/\\\/prueba.mayabad.com\\\/index.php\\\/politica-de-cookies\\\/#breadcrumb\"},\"inLanguage\":\"es\",\"potentialAction\":[{\"@type\":\"ReadAction\",\"target\":[\"https:\\\/\\\/prueba.mayabad.com\\\/index.php\\\/politica-de-cookies\\\/\"]}]},{\"@type\":\"BreadcrumbList\",\"@id\":\"https:\\\/\\\/prueba.mayabad.com\\\/index.php\\\/politica-de-cookies\\\/#breadcrumb\",\"itemListElement\":[{\"@type\":\"ListItem\",\"position\":1,\"name\":\"Portada\",\"item\":\"https:\\\/\\\/prueba.mayabad.com\\\/\"},{\"@type\":\"ListItem\",\"position\":2,\"name\":\"Pol\u00edtica de Cookies\"}]},{\"@type\":\"WebSite\",\"@id\":\"https:\\\/\\\/prueba.mayabad.com\\\/#website\",\"url\":\"https:\\\/\\\/prueba.mayabad.com\\\/\",\"name\":\"Arte Unico y personalizado. Cuadros por encargo\",\"description\":\"Arte Unico y personalizado. Cuadros por encargo\",\"publisher\":{\"@id\":\"https:\\\/\\\/prueba.mayabad.com\\\/#organization\"},\"potentialAction\":[{\"@type\":\"SearchAction\",\"target\":{\"@type\":\"EntryPoint\",\"urlTemplate\":\"https:\\\/\\\/prueba.mayabad.com\\\/?s={search_term_string}\"},\"query-input\":{\"@type\":\"PropertyValueSpecification\",\"valueRequired\":true,\"valueName\":\"search_term_string\"}}],\"inLanguage\":\"es\"},{\"@type\":\"Organization\",\"@id\":\"https:\\\/\\\/prueba.mayabad.com\\\/#organization\",\"name\":\"Arte Unico y personalizado. Cuadros por encargo\",\"url\":\"https:\\\/\\\/prueba.mayabad.com\\\/\",\"logo\":{\"@type\":\"ImageObject\",\"inLanguage\":\"es\",\"@id\":\"https:\\\/\\\/prueba.mayabad.com\\\/#\\\/schema\\\/logo\\\/image\\\/\",\"url\":\"https:\\\/\\\/prueba.mayabad.com\\\/wp-content\\\/uploads\\\/2025\\\/03\\\/Imagen-de-WhatsApp-2025-03-04-a-las-19.33.51_1936e798.jpg\",\"contentUrl\":\"https:\\\/\\\/prueba.mayabad.com\\\/wp-content\\\/uploads\\\/2025\\\/03\\\/Imagen-de-WhatsApp-2025-03-04-a-las-19.33.51_1936e798.jpg\",\"width\":1200,\"height\":628,\"caption\":\"Arte Unico y personalizado. Cuadros por encargo\"},\"image\":{\"@id\":\"https:\\\/\\\/prueba.mayabad.com\\\/#\\\/schema\\\/logo\\\/image\\\/\"}}]}<\/script>\n<!-- \/ Yoast SEO plugin. -->","yoast_head_json":{"title":"Pol\u00edtica de Cookies - Arte Unico y personalizado. Cuadros por encargo","robots":{"index":"index","follow":"follow","max-snippet":"max-snippet:-1","max-image-preview":"max-image-preview:large","max-video-preview":"max-video-preview:-1"},"canonical":"https:\/\/prueba.mayabad.com\/index.php\/politica-de-cookies\/","og_locale":"es_ES","og_type":"article","og_title":"Pol\u00edtica de Cookies - Arte Unico y personalizado. Cuadros por encargo","og_description":"Definici\u00f3n Una cookie es un fichero que se descarga en su ordenador\/smartphone\/tablet al acceder a determinadas p\u00e1ginas web. Las cookies permiten a una p\u00e1gina web, entre otras cosas, almacenar y&hellip;","og_url":"https:\/\/prueba.mayabad.com\/index.php\/politica-de-cookies\/","og_site_name":"Arte Unico y personalizado. Cuadros por encargo","article_modified_time":"2025-03-04T21:06:40+00:00","twitter_card":"summary_large_image","twitter_misc":{"Tiempo de lectura":"5 minutos"},"schema":{"@context":"https:\/\/schema.org","@graph":[{"@type":"WebPage","@id":"https:\/\/prueba.mayabad.com\/index.php\/politica-de-cookies\/","url":"https:\/\/prueba.mayabad.com\/index.php\/politica-de-cookies\/","name":"Pol\u00edtica de Cookies - Arte Unico y personalizado. Cuadros por encargo","isPartOf":{"@id":"https:\/\/prueba.mayabad.com\/#website"},"datePublished":"2025-03-04T21:06:39+00:00","dateModified":"2025-03-04T21:06:40+00:00","breadcrumb":{"@id":"https:\/\/prueba.mayabad.com\/index.php\/politica-de-cookies\/#breadcrumb"},"inLanguage":"es","potentialAction":[{"@type":"ReadAction","target":["https:\/\/prueba.mayabad.com\/index.php\/politica-de-cookies\/"]}]},{"@type":"BreadcrumbList","@id":"https:\/\/prueba.mayabad.com\/index.php\/politica-de-cookies\/#breadcrumb","itemListElement":[{"@type":"ListItem","position":1,"name":"Portada","item":"https:\/\/prueba.mayabad.com\/"},{"@type":"ListItem","position":2,"name":"Pol\u00edtica de Cookies"}]},{"@type":"WebSite","@id":"https:\/\/prueba.mayabad.com\/#website","url":"https:\/\/prueba.mayabad.com\/","name":"Arte Unico y personalizado. Cuadros por encargo","description":"Arte Unico y personalizado. Cuadros por encargo","publisher":{"@id":"https:\/\/prueba.mayabad.com\/#organization"},"potentialAction":[{"@type":"SearchAction","target":{"@type":"EntryPoint","urlTemplate":"https:\/\/prueba.mayabad.com\/?s={search_term_string}"},"query-input":{"@type":"PropertyValueSpecification","valueRequired":true,"valueName":"search_term_string"}}],"inLanguage":"es"},{"@type":"Organization","@id":"https:\/\/prueba.mayabad.com\/#organization","name":"Arte Unico y personalizado. Cuadros por encargo","url":"https:\/\/prueba.mayabad.com\/","logo":{"@type":"ImageObject","inLanguage":"es","@id":"https:\/\/prueba.mayabad.com\/#\/schema\/logo\/image\/","url":"https:\/\/prueba.mayabad.com\/wp-content\/uploads\/2025\/03\/Imagen-de-WhatsApp-2025-03-04-a-las-19.33.51_1936e798.jpg","contentUrl":"https:\/\/prueba.mayabad.com\/wp-content\/uploads\/2025\/03\/Imagen-de-WhatsApp-2025-03-04-a-las-19.33.51_1936e798.jpg","width":1200,"height":628,"caption":"Arte Unico y personalizado. Cuadros por encargo"},"image":{"@id":"https:\/\/prueba.mayabad.com\/#\/schema\/logo\/image\/"}}]}},"_links":{"self":[{"href":"https:\/\/prueba.mayabad.com\/index.php\/wp-json\/wp\/v2\/pages\/642","targetHints":{"allow":["GET"]}}],"collection":[{"href":"https:\/\/prueba.mayabad.com\/index.php\/wp-json\/wp\/v2\/pages"}],"about":[{"href":"https:\/\/prueba.mayabad.com\/index.php\/wp-json\/wp\/v2\/types\/page"}],"author":[{"embeddable":true,"href":"https:\/\/prueba.mayabad.com\/index.php\/wp-json\/wp\/v2\/users\/1"}],"replies":[{"embeddable":true,"href":"https:\/\/prueba.mayabad.com\/index.php\/wp-json\/wp\/v2\/comments?post=642"}],"version-history":[{"count":1,"href":"https:\/\/prueba.mayabad.com\/index.php\/wp-json\/wp\/v2\/pages\/642\/revisions"}],"predecessor-version":[{"id":644,"href":"https:\/\/prueba.mayabad.com\/index.php\/wp-json\/wp\/v2\/pages\/642\/revisions\/644"}],"wp:attachment":[{"href":"https:\/\/prueba.mayabad.com\/index.php\/wp-json\/wp\/v2\/media?parent=642"}],"curies":[{"name":"wp","href":"https:\/\/api.w.org\/{rel}","templated":true}]}}