{"id":609,"date":"2025-03-04T20:26:13","date_gmt":"2025-03-04T20:26:13","guid":{"rendered":"https:\/\/prueba.mayabad.com\/?page_id=609"},"modified":"2025-03-04T20:54:05","modified_gmt":"2025-03-04T20:54:05","slug":"aviso-legal","status":"publish","type":"page","link":"https:\/\/prueba.mayabad.com\/index.php\/aviso-legal\/","title":{"rendered":"Aviso Legal"},"content":{"rendered":"\n<p>Mediante el presente aviso legal, May Garcia-Abad  (en adelante May Abad) pone a disposici\u00f3n de sus usuarios la informaci\u00f3n general que los prestadores de servicios de la sociedad de la informaci\u00f3n estamos obligados a poner a su disposici\u00f3n, por imperativo del art. 10 de la Ley 34\/2002, de 11 de julio, de servicios de la sociedad de la informaci\u00f3n y de comercio electr\u00f3nico.<\/p>\n\n\n\n<p><\/p>\n\n\n\n<p>Se informa que el sitio web www.mayarts.com es titularidad de&nbsp;<strong>May Abad<\/strong>&nbsp;legalmente registrada N.I.F N\u00ba 15391772-B y cuyo domicilio social se encuentra en Avenida de Espa\u00f1a, 48 local 6 de Dos Hermanas (Sevilla). <\/p>\n\n\n\n<p><\/p>\n\n\n\n<p>A efectos de contacto e informaci\u00f3n&nbsp;<strong>May Garcia-Abad<\/strong>&nbsp;pone a disposici\u00f3n del usuario la siguiente direcci\u00f3n de correo electr\u00f3nico: &nbsp;pinturas@mayabad.com<\/p>\n\n\n\n<p>El objeto del sitio web es poner a disposici\u00f3n del usuario informaci\u00f3n clara acerca de los servicios prestados por la sociedad titular May Abad.<\/p>\n\n\n\n<h2 class=\"wp-block-heading has-text-align-center\">       <strong>Acceso al sitio web y aceptaci\u00f3n del aviso legal<\/strong><\/h2>\n\n\n\n<p>Al acceder a este sitio web, usted adquiere la condici\u00f3n del usuario y acepta plenamente todas y cada una de las condiciones que contiene este Aviso Legal.<\/p>\n\n\n\n<p><\/p>\n\n\n\n<p> La finalidad del portal web es la de poner a su disposici\u00f3n los servicios que la empresa ofrece, a trav\u00e9s de la web podr\u00e1 contactar con nosotros, as\u00ed como solicitar informaci\u00f3n.<\/p>\n\n\n\n<p><\/p>\n\n\n\n<p>El usuario se compromete a hacer uso de los servicios y utilidades que ofrece&nbsp;<strong>May Abad<\/strong>&nbsp;de conformidad con su c\u00f3digo \u00e9tico, las leyes, la buena fe, el orden p\u00fablico, los usos del tr\u00e1fico y este Aviso Legal. El usuario responder\u00e1 ante&nbsp;<strong>May Abad<\/strong>&nbsp;o frente a terceros, de cualquier incumplimiento que se produjera como consecuencia de lo anterior.<\/p>\n\n\n\n<p><\/p>\n\n\n\n<p>El establecimiento de un enlace o link a otra p\u00e1gina o sitio en Internet, no implica en ning\u00fan caso la existencia de relaciones entre&nbsp;<strong>May Abad<\/strong>&nbsp;y el titular o propietario del sitio web al que se enlace, ni tampoco la aceptaci\u00f3n y aprobaci\u00f3n por parte de&nbsp;<strong>May Abad<\/strong>&nbsp;de sus contenidos o servicios. <\/p>\n\n\n\n<p><\/p>\n\n\n\n<p>Quien se proponga establecer un enlace o link a este sitio web, deber\u00e1 solicitar previamente consentimiento a&nbsp;<strong>May Abad<\/strong>, reserv\u00e1ndose el derecho a reclamar los posibles da\u00f1os que se pudieran provocar por el establecimiento de este enlace o link sin la necesaria autorizaci\u00f3n.<\/p>\n\n\n\n<h2 class=\"wp-block-heading has-text-align-left\">                Uso de la web por parte del visitante<\/h2>\n\n\n\n<p>El usuario deber\u00e1 leer atentamente el Aviso Legal y la Pol\u00edtica de Privacidad y Cookies en cada una de las ocasiones que utilice esta web, ya que las condiciones recogidas pueden sufrir modificaciones en cada momento. Adem\u00e1s, se compromete a hacer un uso adecuado y l\u00edcito del sitio Web y de todos los contenidos, de conformidad con la legislaci\u00f3n aplicable.<\/p>\n\n\n\n<p><\/p>\n\n\n\n<p> El Usuario deber\u00e1 abstenerse de:<\/p>\n\n\n\n<p><\/p>\n\n\n\n<ol class=\"wp-block-list\">\n<li>Hacer un uso no autorizado o fraudulento de la web y\/o de los contenidos de&nbsp;<strong>May Abad<\/strong><\/li>\n\n\n\n<li>Introducir o difundir en la red virus inform\u00e1ticos o cualesquiera otros sistemas f\u00edsicos o l\u00f3gicos que sean susceptibles de provocar da\u00f1os en los sistemas f\u00edsicos o l\u00f3gicos del propietario del dominio, de sus proveedores o de terceros.<\/li>\n\n\n\n<li>Intentar acceder, utilizar y\/o manipular los datos del propietario del dominio www.mayarts.com, o webs sat\u00e9lites o propiedad suya o de los usuarios del mismo.<\/li>\n\n\n\n<li>Suprimir, ocultar o manipular las notas sobre derechos de propiedad intelectual o industrial y dem\u00e1s datos identificativos de los derechos del titular de la web, de terceros incorporados a los contenidos o comentarios, as\u00ed como los dispositivos t\u00e9cnicos de protecci\u00f3n o mecanismos de informaci\u00f3n que puedan insertarse en los contenidos.<\/li>\n\n\n\n<li>Realizar copia y\/o publicaci\u00f3n de la p\u00e1gina web, sin autorizaci\u00f3n expresa de&nbsp;<strong><strong>May Abad<\/strong><\/strong>, por escrito en este o cualquiera de sus sitios web.<\/li>\n<\/ol>\n\n\n\n<h2 class=\"wp-block-heading\"><strong>                     Derechos de propiedad intelectual e industrial<\/strong><\/h2>\n\n\n\n<p><strong>May Abad<\/strong>&nbsp;en virtud de lo dispuesto en los art\u00edculos 8 y 32.1 p\u00e1rrafo segundo de la ley de propiedad intelectual, informa que quedan expresamente prohibidas la reproducci\u00f3n y la comunicaci\u00f3n p\u00fablica, incluida su modalidad de puesta a disposici\u00f3n de la totalidad o parte de los contenidos de esta p\u00e1gina web, con fines comerciales, en cualquier soporte y por cualquier medio t\u00e9cnico, sin la autorizaci\u00f3n de <strong>May Abad<\/strong>&nbsp;El usuario se compromete a respetar los derechos de Propiedad Intelectual e Industrial de&nbsp;<strong><strong>May Abad<\/strong><\/strong><\/p>\n\n\n\n<p><\/p>\n\n\n\n<p>Se permite la visualizaci\u00f3n de todos los contenidos y elementos del portal web, as\u00ed como su impresi\u00f3n, copia y almacenamiento en cualquier soporte f\u00edsico o tecnol\u00f3gico siempre y cuando sea, \u00fanica y exclusivamente, para su uso personal y privado. El usuario se compromete a abstenerse de suprimir, alterar o manipular cualquier dispositivo de protecci\u00f3n o sistema de seguridad que estuviera instalado en la p\u00e1gina web www.mayarts.com<\/p>\n\n\n\n<h2 class=\"wp-block-heading\"><strong>                     Exclusi\u00f3n de garant\u00edas y responsabilidad. Enlaces<\/strong><\/h2>\n\n\n\n<p><strong><strong>May Abad<\/strong>&nbsp;<\/strong>no se hace responsable, en ning\u00fan caso, de los da\u00f1os y perjuicios que se pudieran ocasionar a pesar de haber adoptado todas las medidas tecnol\u00f3gicas necesarias para evitarlo.<\/p>\n\n\n\n<p><\/p>\n\n\n\n<p>El portal puede contener enlaces e hiperv\u00ednculos hacia otros sitios web en los contenidos www.mayarts.com, la sociedad informa de que&nbsp;<strong><strong>May Abad<\/strong>&nbsp;<\/strong>no ejercer\u00e1 ning\u00fan control sobre dichos sitios y contenidos. Bajo ning\u00fan concepto asumir\u00e1 responsabilidad alguna por los contenidos de enlaces de terceros ni garantizar\u00e1 la disponibilidad, calidad, veracidad, exactitud y constitucionalidad de cualquier material o informaci\u00f3n contenida en ninguno de dichos hiperv\u00ednculos y otros sitios de internet.<\/p>\n\n\n\n<p><\/p>\n\n\n\n<p>La inclusi\u00f3n de estas conexiones externas no implicar\u00e1 ning\u00fan tipo de asociaci\u00f3n, fusi\u00f3n o participaci\u00f3n con las entidades terceras.<\/p>\n\n\n\n<p><\/p>\n\n\n\n<h2 class=\"wp-block-heading\">                     L<strong>egislaci\u00f3n y jurisdicci\u00f3n<\/strong><\/h2>\n\n\n\n<p>La legislaci\u00f3n aplicable al presente Aviso Legal ser\u00e1 la legislaci\u00f3n espa\u00f1ola, y la jurisdicci\u00f3n competente para conocer de cualesquiera demandas que este sitio Web suscite ser\u00e1 la de los Juzgados y Tribunales de la ciudad de Sevilla.<\/p>\n\n\n\n<p><\/p>\n\n\n\n<p><strong>May Abad<\/strong>&nbsp;denunciar\u00e1 cualquier incumplimiento de las presentes condiciones, as\u00ed como un uso indebido o negligente de su portal ejerciendo todas las acciones civiles y penales que le puedan corresponder seg\u00fan derecho.<\/p>\n\n\n\n<p><\/p>\n\n\n\n<p>Del mismo modo, los titulares del portal web www.mayarts.com se reservan el derecho de denegar o retirar el acceso al sitio web y\/o a los servicios ofrecidos sin previo aviso o a instancia propia o de un tercero, a aquellos usuarios que incumplan el presente Aviso Legal, la pol\u00edtica de cookies o haga caso omiso a la Pol\u00edtica de Privacidad.<\/p>\n","protected":false},"excerpt":{"rendered":"<p>Mediante el presente aviso legal, May Garcia-Abad (en adelante May Abad) pone a disposici\u00f3n de sus usuarios la informaci\u00f3n general que los prestadores de servicios de la sociedad de la&hellip;<\/p>\n","protected":false},"author":1,"featured_media":0,"parent":0,"menu_order":0,"comment_status":"closed","ping_status":"closed","template":"","meta":{"_seopress_robots_primary_cat":"","_seopress_titles_title":"","_seopress_titles_desc":"","_seopress_robots_index":"","_regular_price":[],"currency_symbol":[],"footnotes":""},"class_list":["post-609","page","type-page","status-publish","hentry"],"post_slider_layout_featured_media_urls":{"thumbnail":"","post_slider_layout_landscape_large":"","post_slider_layout_portrait_large":"","post_slider_layout_square_large":"","post_slider_layout_landscape":"","post_slider_layout_portrait":"","post_slider_layout_square":"","full":""},"featured_image_src":null,"yoast_head":"<!-- This site is optimized with the Yoast SEO plugin v27.4 - https:\/\/yoast.com\/product\/yoast-seo-wordpress\/ -->\n<title>Aviso Legal - Arte Unico y personalizado. Cuadros por encargo<\/title>\n<meta name=\"robots\" content=\"index, follow, max-snippet:-1, max-image-preview:large, max-video-preview:-1\" \/>\n<link rel=\"canonical\" href=\"https:\/\/prueba.mayabad.com\/index.php\/aviso-legal\/\" \/>\n<meta property=\"og:locale\" content=\"es_ES\" \/>\n<meta property=\"og:type\" content=\"article\" \/>\n<meta property=\"og:title\" content=\"Aviso Legal - Arte Unico y personalizado. Cuadros por encargo\" \/>\n<meta property=\"og:description\" content=\"Mediante el presente aviso legal, May Garcia-Abad (en adelante May Abad) pone a disposici\u00f3n de sus usuarios la informaci\u00f3n general que los prestadores de servicios de la sociedad de la&hellip;\" \/>\n<meta property=\"og:url\" content=\"https:\/\/prueba.mayabad.com\/index.php\/aviso-legal\/\" \/>\n<meta property=\"og:site_name\" content=\"Arte Unico y personalizado. Cuadros por encargo\" \/>\n<meta property=\"article:modified_time\" content=\"2025-03-04T20:54:05+00:00\" \/>\n<meta name=\"twitter:card\" content=\"summary_large_image\" \/>\n<meta name=\"twitter:label1\" content=\"Tiempo de lectura\" \/>\n\t<meta name=\"twitter:data1\" content=\"6 minutos\" \/>\n<script type=\"application\/ld+json\" class=\"yoast-schema-graph\">{\"@context\":\"https:\\\/\\\/schema.org\",\"@graph\":[{\"@type\":\"WebPage\",\"@id\":\"https:\\\/\\\/prueba.mayabad.com\\\/index.php\\\/aviso-legal\\\/\",\"url\":\"https:\\\/\\\/prueba.mayabad.com\\\/index.php\\\/aviso-legal\\\/\",\"name\":\"Aviso Legal - Arte Unico y personalizado. Cuadros por encargo\",\"isPartOf\":{\"@id\":\"https:\\\/\\\/prueba.mayabad.com\\\/#website\"},\"datePublished\":\"2025-03-04T20:26:13+00:00\",\"dateModified\":\"2025-03-04T20:54:05+00:00\",\"breadcrumb\":{\"@id\":\"https:\\\/\\\/prueba.mayabad.com\\\/index.php\\\/aviso-legal\\\/#breadcrumb\"},\"inLanguage\":\"es\",\"potentialAction\":[{\"@type\":\"ReadAction\",\"target\":[\"https:\\\/\\\/prueba.mayabad.com\\\/index.php\\\/aviso-legal\\\/\"]}]},{\"@type\":\"BreadcrumbList\",\"@id\":\"https:\\\/\\\/prueba.mayabad.com\\\/index.php\\\/aviso-legal\\\/#breadcrumb\",\"itemListElement\":[{\"@type\":\"ListItem\",\"position\":1,\"name\":\"Portada\",\"item\":\"https:\\\/\\\/prueba.mayabad.com\\\/\"},{\"@type\":\"ListItem\",\"position\":2,\"name\":\"Aviso Legal\"}]},{\"@type\":\"WebSite\",\"@id\":\"https:\\\/\\\/prueba.mayabad.com\\\/#website\",\"url\":\"https:\\\/\\\/prueba.mayabad.com\\\/\",\"name\":\"Arte Unico y personalizado. Cuadros por encargo\",\"description\":\"Arte Unico y personalizado. Cuadros por encargo\",\"publisher\":{\"@id\":\"https:\\\/\\\/prueba.mayabad.com\\\/#organization\"},\"potentialAction\":[{\"@type\":\"SearchAction\",\"target\":{\"@type\":\"EntryPoint\",\"urlTemplate\":\"https:\\\/\\\/prueba.mayabad.com\\\/?s={search_term_string}\"},\"query-input\":{\"@type\":\"PropertyValueSpecification\",\"valueRequired\":true,\"valueName\":\"search_term_string\"}}],\"inLanguage\":\"es\"},{\"@type\":\"Organization\",\"@id\":\"https:\\\/\\\/prueba.mayabad.com\\\/#organization\",\"name\":\"Arte Unico y personalizado. Cuadros por encargo\",\"url\":\"https:\\\/\\\/prueba.mayabad.com\\\/\",\"logo\":{\"@type\":\"ImageObject\",\"inLanguage\":\"es\",\"@id\":\"https:\\\/\\\/prueba.mayabad.com\\\/#\\\/schema\\\/logo\\\/image\\\/\",\"url\":\"https:\\\/\\\/prueba.mayabad.com\\\/wp-content\\\/uploads\\\/2025\\\/03\\\/Imagen-de-WhatsApp-2025-03-04-a-las-19.33.51_1936e798.jpg\",\"contentUrl\":\"https:\\\/\\\/prueba.mayabad.com\\\/wp-content\\\/uploads\\\/2025\\\/03\\\/Imagen-de-WhatsApp-2025-03-04-a-las-19.33.51_1936e798.jpg\",\"width\":1200,\"height\":628,\"caption\":\"Arte Unico y personalizado. Cuadros por encargo\"},\"image\":{\"@id\":\"https:\\\/\\\/prueba.mayabad.com\\\/#\\\/schema\\\/logo\\\/image\\\/\"}}]}<\/script>\n<!-- \/ Yoast SEO plugin. -->","yoast_head_json":{"title":"Aviso Legal - Arte Unico y personalizado. Cuadros por encargo","robots":{"index":"index","follow":"follow","max-snippet":"max-snippet:-1","max-image-preview":"max-image-preview:large","max-video-preview":"max-video-preview:-1"},"canonical":"https:\/\/prueba.mayabad.com\/index.php\/aviso-legal\/","og_locale":"es_ES","og_type":"article","og_title":"Aviso Legal - Arte Unico y personalizado. Cuadros por encargo","og_description":"Mediante el presente aviso legal, May Garcia-Abad (en adelante May Abad) pone a disposici\u00f3n de sus usuarios la informaci\u00f3n general que los prestadores de servicios de la sociedad de la&hellip;","og_url":"https:\/\/prueba.mayabad.com\/index.php\/aviso-legal\/","og_site_name":"Arte Unico y personalizado. Cuadros por encargo","article_modified_time":"2025-03-04T20:54:05+00:00","twitter_card":"summary_large_image","twitter_misc":{"Tiempo de lectura":"6 minutos"},"schema":{"@context":"https:\/\/schema.org","@graph":[{"@type":"WebPage","@id":"https:\/\/prueba.mayabad.com\/index.php\/aviso-legal\/","url":"https:\/\/prueba.mayabad.com\/index.php\/aviso-legal\/","name":"Aviso Legal - Arte Unico y personalizado. Cuadros por encargo","isPartOf":{"@id":"https:\/\/prueba.mayabad.com\/#website"},"datePublished":"2025-03-04T20:26:13+00:00","dateModified":"2025-03-04T20:54:05+00:00","breadcrumb":{"@id":"https:\/\/prueba.mayabad.com\/index.php\/aviso-legal\/#breadcrumb"},"inLanguage":"es","potentialAction":[{"@type":"ReadAction","target":["https:\/\/prueba.mayabad.com\/index.php\/aviso-legal\/"]}]},{"@type":"BreadcrumbList","@id":"https:\/\/prueba.mayabad.com\/index.php\/aviso-legal\/#breadcrumb","itemListElement":[{"@type":"ListItem","position":1,"name":"Portada","item":"https:\/\/prueba.mayabad.com\/"},{"@type":"ListItem","position":2,"name":"Aviso Legal"}]},{"@type":"WebSite","@id":"https:\/\/prueba.mayabad.com\/#website","url":"https:\/\/prueba.mayabad.com\/","name":"Arte Unico y personalizado. Cuadros por encargo","description":"Arte Unico y personalizado. Cuadros por encargo","publisher":{"@id":"https:\/\/prueba.mayabad.com\/#organization"},"potentialAction":[{"@type":"SearchAction","target":{"@type":"EntryPoint","urlTemplate":"https:\/\/prueba.mayabad.com\/?s={search_term_string}"},"query-input":{"@type":"PropertyValueSpecification","valueRequired":true,"valueName":"search_term_string"}}],"inLanguage":"es"},{"@type":"Organization","@id":"https:\/\/prueba.mayabad.com\/#organization","name":"Arte Unico y personalizado. Cuadros por encargo","url":"https:\/\/prueba.mayabad.com\/","logo":{"@type":"ImageObject","inLanguage":"es","@id":"https:\/\/prueba.mayabad.com\/#\/schema\/logo\/image\/","url":"https:\/\/prueba.mayabad.com\/wp-content\/uploads\/2025\/03\/Imagen-de-WhatsApp-2025-03-04-a-las-19.33.51_1936e798.jpg","contentUrl":"https:\/\/prueba.mayabad.com\/wp-content\/uploads\/2025\/03\/Imagen-de-WhatsApp-2025-03-04-a-las-19.33.51_1936e798.jpg","width":1200,"height":628,"caption":"Arte Unico y personalizado. Cuadros por encargo"},"image":{"@id":"https:\/\/prueba.mayabad.com\/#\/schema\/logo\/image\/"}}]}},"_links":{"self":[{"href":"https:\/\/prueba.mayabad.com\/index.php\/wp-json\/wp\/v2\/pages\/609","targetHints":{"allow":["GET"]}}],"collection":[{"href":"https:\/\/prueba.mayabad.com\/index.php\/wp-json\/wp\/v2\/pages"}],"about":[{"href":"https:\/\/prueba.mayabad.com\/index.php\/wp-json\/wp\/v2\/types\/page"}],"author":[{"embeddable":true,"href":"https:\/\/prueba.mayabad.com\/index.php\/wp-json\/wp\/v2\/users\/1"}],"replies":[{"embeddable":true,"href":"https:\/\/prueba.mayabad.com\/index.php\/wp-json\/wp\/v2\/comments?post=609"}],"version-history":[{"count":10,"href":"https:\/\/prueba.mayabad.com\/index.php\/wp-json\/wp\/v2\/pages\/609\/revisions"}],"predecessor-version":[{"id":633,"href":"https:\/\/prueba.mayabad.com\/index.php\/wp-json\/wp\/v2\/pages\/609\/revisions\/633"}],"wp:attachment":[{"href":"https:\/\/prueba.mayabad.com\/index.php\/wp-json\/wp\/v2\/media?parent=609"}],"curies":[{"name":"wp","href":"https:\/\/api.w.org\/{rel}","templated":true}]}}